{"id":1,"date":"2025-08-21T07:54:51","date_gmt":"2025-08-21T07:54:51","guid":{"rendered":"http:\/\/lanestergymdotfr.wordpress.com\/?page_id=1"},"modified":"2025-08-28T16:39:11","modified_gmt":"2025-08-28T14:39:11","slug":"about","status":"publish","type":"page","link":"https:\/\/www.lanestergym.fr\/index.php\/about\/","title":{"rendered":"A propos"},"content":{"rendered":"\n<div class=\"wp-block-group is-vertical is-content-justification-center is-layout-flex wp-container-core-group-is-layout-1763707a wp-block-group-is-layout-flex\" style=\"padding-top:var(--wp--preset--spacing--20);padding-bottom:var(--wp--preset--spacing--20)\">\n<div class=\"wp-block-group is-vertical is-layout-flex wp-container-core-group-is-layout-ea0cb840 wp-block-group-is-layout-flex\">\n<h2 class=\"wp-block-heading\">Une histoire de passion et de d\u00e9vouement<\/h2>\n\n\n\n<p>Le club de <strong>Lanester Gymnastique<\/strong> est n\u00e9 dans les ann\u00e9es 1900 en tant que section du <strong>Foyer La\u00efque de Lanester<\/strong>. Durant cette p\u00e9riode, la gymnastique \u00e9tait en pleine expansion, et l&rsquo;association a rapidement su trouver sa place en offrant un cadre structur\u00e9 pour les jeunes et les adultes passionn\u00e9s.<\/p>\n\n\n\n<p>En 2000, le club franchit un cap important : il prend son ind\u00e9pendance et devient officiellement le <strong>Lanester Gymnastique Morbihan<\/strong>. Cette \u00e9tape marque le d\u00e9but d&rsquo;une nouvelle \u00e8re, avec une identit\u00e9 forte et une volont\u00e9 de se d\u00e9velopper davantage sur le territoire.<\/p>\n\n\n\n<p>Peu de temps apr\u00e8s, en 2006, le club est choisi comme structure support pour le <strong>Centre R\u00e9gional de Gymnastique Artistique Masculine<\/strong>. Une v\u00e9ritable reconnaissance de l&rsquo;excellence de sa formation et de la qualit\u00e9 de ses installations, qui lui permet de s&rsquo;inscrire durablement sur la sc\u00e8ne r\u00e9gionale.<\/p>\n<\/div>\n\n\n\n<div class=\"wp-block-group is-vertical is-layout-flex wp-container-core-group-is-layout-ea0cb840 wp-block-group-is-layout-flex\">\n<h2 class=\"wp-block-heading\">Une nouvelle dynamique et des succ\u00e8s r\u00e9cents<\/h2>\n\n\n\n<p>Le club a \u00e9galement su \u00e9voluer dans sa gouvernance. En 2018, Christel Corre prend la pr\u00e9sidence et y reste jusqu&rsquo;en 2022, o\u00f9 la direction est confi\u00e9e \u00e0 Virginie Thierry et Aur\u00e9lie Salaun, qui se partagent la copr\u00e9sidence.<\/p>\n\n\n\n<p>Ces derni\u00e8res ann\u00e9es ont \u00e9t\u00e9 marqu\u00e9es par des performances exceptionnelles, notamment au niveau national et international. L&rsquo;exemple le plus notable est celui d&rsquo;<strong>Alan Moullec<\/strong>, un gymnaste form\u00e9 au club, qui a brill\u00e9 aux <strong>Championnats d&rsquo;Europe de Rimini en 2024<\/strong> en d\u00e9crochant la m\u00e9daille de bronze par \u00e9quipe et une m\u00e9daille de bronze au sol. Son fr\u00e8re, Fran\u00e7ois Moullec, l&rsquo;a rejoint en p\u00f4le espoir, tout comme Aur\u00e9lien Halbert, ce qui t\u00e9moigne de la qualit\u00e9 de la formation du club.<\/p>\n\n\n\n<p>Les gar\u00e7ons ont d&rsquo;ailleurs r\u00e9alis\u00e9 une saison 2023-2024 exceptionnelle en montant sur la troisi\u00e8me marche du podium lors du Championnat de France par \u00e9quipe, ce qui leur a permis d&rsquo;acc\u00e9der \u00e0 la prestigieuse division nationale 1 (DN1) pour la saison suivante.<\/p>\n<\/div>\n\n\n\n<div class=\"wp-block-group is-vertical is-layout-flex wp-container-core-group-is-layout-ea0cb840 wp-block-group-is-layout-flex\">\n<h2 class=\"wp-block-heading\">Un club tourn\u00e9 vers l&rsquo;avenir<\/h2>\n\n\n\n<p>Aujourd&rsquo;hui, <strong>Lanester Gym<\/strong> continue de grandir et de se diversifier. Le club propose de nombreuses disciplines, allant de la gymnastique artistique f\u00e9minine (GAF) et masculine (GAM) au <strong>Parkour<\/strong>, en passant par la baby-gym et des cours de loisirs pour les adolescents et les adultes.<\/p>\n\n\n\n<p>Gr\u00e2ce \u00e0 ses entra\u00eeneurs dipl\u00f4m\u00e9s, ses installations de qualit\u00e9 et la passion de ses b\u00e9n\u00e9voles, le club s&rsquo;efforce de former les champions de demain tout en offrant un environnement convivial et stimulant pour tous, quel que soit leur niveau.<\/p>\n<\/div>\n<\/div>\n","protected":false},"excerpt":{"rendered":"<p>Une histoire de passion et de d\u00e9vouement Le club de Lanester Gymnastique est n\u00e9 dans les ann\u00e9es 1900 en tant que section du Foyer La\u00efque de Lanester. Durant cette p\u00e9riode, la gymnastique \u00e9tait en pleine expansion, et l&rsquo;association a rapidement su trouver sa place en offrant un cadre structur\u00e9 pour les jeunes et les adultes [&hellip;]<\/p>\n","protected":false},"author":4,"featured_media":0,"parent":0,"menu_order":0,"comment_status":"closed","ping_status":"closed","template":"","meta":{"_uag_custom_page_level_css":"","footnotes":""},"class_list":["post-1","page","type-page","status-publish","hentry"],"yoast_head":"<!-- This site is optimized with the Yoast SEO plugin v27.2 - https:\/\/yoast.com\/product\/yoast-seo-wordpress\/ -->\n<title>A propos - Lanester Gym<\/title>\n<meta name=\"robots\" content=\"index, follow, max-snippet:-1, max-image-preview:large, max-video-preview:-1\" \/>\n<link rel=\"canonical\" href=\"https:\/\/www.lanestergym.fr\/index.php\/about\/\" \/>\n<meta property=\"og:locale\" content=\"fr_FR\" \/>\n<meta property=\"og:type\" content=\"article\" \/>\n<meta property=\"og:title\" content=\"A propos - Lanester Gym\" \/>\n<meta property=\"og:description\" content=\"Une histoire de passion et de d\u00e9vouement Le club de Lanester Gymnastique est n\u00e9 dans les ann\u00e9es 1900 en tant que section du Foyer La\u00efque de Lanester. Durant cette p\u00e9riode, la gymnastique \u00e9tait en pleine expansion, et l&rsquo;association a rapidement su trouver sa place en offrant un cadre structur\u00e9 pour les jeunes et les adultes [&hellip;]\" \/>\n<meta property=\"og:url\" content=\"https:\/\/www.lanestergym.fr\/index.php\/about\/\" \/>\n<meta property=\"og:site_name\" content=\"Lanester Gym\" \/>\n<meta property=\"article:publisher\" content=\"https:\/\/www.facebook.com\/gym.lanester.14\" \/>\n<meta property=\"article:modified_time\" content=\"2025-08-28T14:39:11+00:00\" \/>\n<meta name=\"twitter:card\" content=\"summary_large_image\" \/>\n<script type=\"application\/ld+json\" class=\"yoast-schema-graph\">{\"@context\":\"https:\/\/schema.org\",\"@graph\":[{\"@type\":\"WebPage\",\"@id\":\"https:\/\/www.lanestergym.fr\/index.php\/about\/\",\"url\":\"https:\/\/www.lanestergym.fr\/index.php\/about\/\",\"name\":\"A propos - Lanester Gym\",\"isPartOf\":{\"@id\":\"https:\/\/www.lanestergym.fr\/#website\"},\"datePublished\":\"2025-08-21T07:54:51+00:00\",\"dateModified\":\"2025-08-28T14:39:11+00:00\",\"breadcrumb\":{\"@id\":\"https:\/\/www.lanestergym.fr\/index.php\/about\/#breadcrumb\"},\"inLanguage\":\"fr-FR\",\"potentialAction\":[{\"@type\":\"ReadAction\",\"target\":[\"https:\/\/www.lanestergym.fr\/index.php\/about\/\"]}]},{\"@type\":\"BreadcrumbList\",\"@id\":\"https:\/\/www.lanestergym.fr\/index.php\/about\/#breadcrumb\",\"itemListElement\":[{\"@type\":\"ListItem\",\"position\":1,\"name\":\"Accueil\",\"item\":\"https:\/\/www.lanestergym.fr\/\"},{\"@type\":\"ListItem\",\"position\":2,\"name\":\"A propos\"}]},{\"@type\":\"WebSite\",\"@id\":\"https:\/\/www.lanestergym.fr\/#website\",\"url\":\"https:\/\/www.lanestergym.fr\/\",\"name\":\"Lanester Gym\",\"description\":\"Le club de gymnastique du pays Lorientais\",\"publisher\":{\"@id\":\"https:\/\/www.lanestergym.fr\/#organization\"},\"potentialAction\":[{\"@type\":\"SearchAction\",\"target\":{\"@type\":\"EntryPoint\",\"urlTemplate\":\"https:\/\/www.lanestergym.fr\/?s={search_term_string}\"},\"query-input\":{\"@type\":\"PropertyValueSpecification\",\"valueRequired\":true,\"valueName\":\"search_term_string\"}}],\"inLanguage\":\"fr-FR\"},{\"@type\":\"Organization\",\"@id\":\"https:\/\/www.lanestergym.fr\/#organization\",\"name\":\"Lanester Gym\",\"url\":\"https:\/\/www.lanestergym.fr\/\",\"logo\":{\"@type\":\"ImageObject\",\"inLanguage\":\"fr-FR\",\"@id\":\"https:\/\/www.lanestergym.fr\/#\/schema\/logo\/image\/\",\"url\":\"https:\/\/www.lanestergym.fr\/wp-content\/uploads\/2025\/08\/logo.png\",\"contentUrl\":\"https:\/\/www.lanestergym.fr\/wp-content\/uploads\/2025\/08\/logo.png\",\"width\":462,\"height\":333,\"caption\":\"Lanester Gym\"},\"image\":{\"@id\":\"https:\/\/www.lanestergym.fr\/#\/schema\/logo\/image\/\"},\"sameAs\":[\"https:\/\/www.facebook.com\/gym.lanester.14\",\"https:\/\/www.instagram.com\/lanestergym\/\"]}]}<\/script>\n<!-- \/ Yoast SEO plugin. -->","yoast_head_json":{"title":"A propos - Lanester Gym","robots":{"index":"index","follow":"follow","max-snippet":"max-snippet:-1","max-image-preview":"max-image-preview:large","max-video-preview":"max-video-preview:-1"},"canonical":"https:\/\/www.lanestergym.fr\/index.php\/about\/","og_locale":"fr_FR","og_type":"article","og_title":"A propos - Lanester Gym","og_description":"Une histoire de passion et de d\u00e9vouement Le club de Lanester Gymnastique est n\u00e9 dans les ann\u00e9es 1900 en tant que section du Foyer La\u00efque de Lanester. Durant cette p\u00e9riode, la gymnastique \u00e9tait en pleine expansion, et l&rsquo;association a rapidement su trouver sa place en offrant un cadre structur\u00e9 pour les jeunes et les adultes [&hellip;]","og_url":"https:\/\/www.lanestergym.fr\/index.php\/about\/","og_site_name":"Lanester Gym","article_publisher":"https:\/\/www.facebook.com\/gym.lanester.14","article_modified_time":"2025-08-28T14:39:11+00:00","twitter_card":"summary_large_image","schema":{"@context":"https:\/\/schema.org","@graph":[{"@type":"WebPage","@id":"https:\/\/www.lanestergym.fr\/index.php\/about\/","url":"https:\/\/www.lanestergym.fr\/index.php\/about\/","name":"A propos - Lanester Gym","isPartOf":{"@id":"https:\/\/www.lanestergym.fr\/#website"},"datePublished":"2025-08-21T07:54:51+00:00","dateModified":"2025-08-28T14:39:11+00:00","breadcrumb":{"@id":"https:\/\/www.lanestergym.fr\/index.php\/about\/#breadcrumb"},"inLanguage":"fr-FR","potentialAction":[{"@type":"ReadAction","target":["https:\/\/www.lanestergym.fr\/index.php\/about\/"]}]},{"@type":"BreadcrumbList","@id":"https:\/\/www.lanestergym.fr\/index.php\/about\/#breadcrumb","itemListElement":[{"@type":"ListItem","position":1,"name":"Accueil","item":"https:\/\/www.lanestergym.fr\/"},{"@type":"ListItem","position":2,"name":"A propos"}]},{"@type":"WebSite","@id":"https:\/\/www.lanestergym.fr\/#website","url":"https:\/\/www.lanestergym.fr\/","name":"Lanester Gym","description":"Le club de gymnastique du pays Lorientais","publisher":{"@id":"https:\/\/www.lanestergym.fr\/#organization"},"potentialAction":[{"@type":"SearchAction","target":{"@type":"EntryPoint","urlTemplate":"https:\/\/www.lanestergym.fr\/?s={search_term_string}"},"query-input":{"@type":"PropertyValueSpecification","valueRequired":true,"valueName":"search_term_string"}}],"inLanguage":"fr-FR"},{"@type":"Organization","@id":"https:\/\/www.lanestergym.fr\/#organization","name":"Lanester Gym","url":"https:\/\/www.lanestergym.fr\/","logo":{"@type":"ImageObject","inLanguage":"fr-FR","@id":"https:\/\/www.lanestergym.fr\/#\/schema\/logo\/image\/","url":"https:\/\/www.lanestergym.fr\/wp-content\/uploads\/2025\/08\/logo.png","contentUrl":"https:\/\/www.lanestergym.fr\/wp-content\/uploads\/2025\/08\/logo.png","width":462,"height":333,"caption":"Lanester Gym"},"image":{"@id":"https:\/\/www.lanestergym.fr\/#\/schema\/logo\/image\/"},"sameAs":["https:\/\/www.facebook.com\/gym.lanester.14","https:\/\/www.instagram.com\/lanestergym\/"]}]}},"uagb_featured_image_src":{"full":false,"thumbnail":false,"medium":false,"medium_large":false,"large":false,"1536x1536":false,"2048x2048":false},"uagb_author_info":{"display_name":"jerome","author_link":"https:\/\/www.lanestergym.fr\/index.php\/author\/jerome\/"},"uagb_comment_info":0,"uagb_excerpt":"Une histoire de passion et de d\u00e9vouement Le club de Lanester Gymnastique est n\u00e9 dans les ann\u00e9es 1900 en tant que section du Foyer La\u00efque de Lanester. Durant cette p\u00e9riode, la gymnastique \u00e9tait en pleine expansion, et l&rsquo;association a rapidement su trouver sa place en offrant un cadre structur\u00e9 pour les jeunes et les adultes\u2026","_links":{"self":[{"href":"https:\/\/www.lanestergym.fr\/index.php\/wp-json\/wp\/v2\/pages\/1","targetHints":{"allow":["GET"]}}],"collection":[{"href":"https:\/\/www.lanestergym.fr\/index.php\/wp-json\/wp\/v2\/pages"}],"about":[{"href":"https:\/\/www.lanestergym.fr\/index.php\/wp-json\/wp\/v2\/types\/page"}],"author":[{"embeddable":true,"href":"https:\/\/www.lanestergym.fr\/index.php\/wp-json\/wp\/v2\/users\/4"}],"replies":[{"embeddable":true,"href":"https:\/\/www.lanestergym.fr\/index.php\/wp-json\/wp\/v2\/comments?post=1"}],"version-history":[{"count":4,"href":"https:\/\/www.lanestergym.fr\/index.php\/wp-json\/wp\/v2\/pages\/1\/revisions"}],"predecessor-version":[{"id":1245,"href":"https:\/\/www.lanestergym.fr\/index.php\/wp-json\/wp\/v2\/pages\/1\/revisions\/1245"}],"wp:attachment":[{"href":"https:\/\/www.lanestergym.fr\/index.php\/wp-json\/wp\/v2\/media?parent=1"}],"curies":[{"name":"wp","href":"https:\/\/api.w.org\/{rel}","templated":true}]}}

<div class="wp-block-group is-vertical is-content-justification-center is-layout-flex wp-container-core-group-is-layout-1763707a wp-block-group-is-layout-flex" style="padding-top:var(--wp--preset--spacing--20);padding-bottom:var(--wp--preset--spacing--20)">
<div class="wp-block-group is-vertical is-layout-flex wp-container-core-group-is-layout-ea0cb840 wp-block-group-is-layout-flex">
<h2 class="wp-block-heading">Une histoire de passion et de dévouement</h2>



<p>Le club de <strong>Lanester Gymnastique</strong> est né dans les années 1900 en tant que section du <strong>Foyer Laïque de Lanester</strong>. Durant cette période, la gymnastique était en pleine expansion, et l&rsquo;association a rapidement su trouver sa place en offrant un cadre structuré pour les jeunes et les adultes passionnés.</p>



<p>En 2000, le club franchit un cap important : il prend son indépendance et devient officiellement le <strong>Lanester Gymnastique Morbihan</strong>. Cette étape marque le début d&rsquo;une nouvelle ère, avec une identité forte et une volonté de se développer davantage sur le territoire.</p>



<p>Peu de temps après, en 2006, le club est choisi comme structure support pour le <strong>Centre Régional de Gymnastique Artistique Masculine</strong>. Une véritable reconnaissance de l&rsquo;excellence de sa formation et de la qualité de ses installations, qui lui permet de s&rsquo;inscrire durablement sur la scène régionale.</p>
</div>



<div class="wp-block-group is-vertical is-layout-flex wp-container-core-group-is-layout-ea0cb840 wp-block-group-is-layout-flex">
<h2 class="wp-block-heading">Une nouvelle dynamique et des succès récents</h2>



<p>Le club a également su évoluer dans sa gouvernance. En 2018, Christel Corre prend la présidence et y reste jusqu&rsquo;en 2022, où la direction est confiée à Virginie Thierry et Aurélie Salaun, qui se partagent la coprésidence.</p>



<p>Ces dernières années ont été marquées par des performances exceptionnelles, notamment au niveau national et international. L&rsquo;exemple le plus notable est celui d&rsquo;<strong>Alan Moullec</strong>, un gymnaste formé au club, qui a brillé aux <strong>Championnats d&rsquo;Europe de Rimini en 2024</strong> en décrochant la médaille de bronze par équipe et une médaille de bronze au sol. Son frère, François Moullec, l&rsquo;a rejoint en pôle espoir, tout comme Aurélien Halbert, ce qui témoigne de la qualité de la formation du club.</p>



<p>Les garçons ont d&rsquo;ailleurs réalisé une saison 2023-2024 exceptionnelle en montant sur la troisième marche du podium lors du Championnat de France par équipe, ce qui leur a permis d&rsquo;accéder à la prestigieuse division nationale 1 (DN1) pour la saison suivante.</p>
</div>



<div class="wp-block-group is-vertical is-layout-flex wp-container-core-group-is-layout-ea0cb840 wp-block-group-is-layout-flex">
<h2 class="wp-block-heading">Un club tourné vers l&rsquo;avenir</h2>



<p>Aujourd&rsquo;hui, <strong>Lanester Gym</strong> continue de grandir et de se diversifier. Le club propose de nombreuses disciplines, allant de la gymnastique artistique féminine (GAF) et masculine (GAM) au <strong>Parkour</strong>, en passant par la baby-gym et des cours de loisirs pour les adolescents et les adultes.</p>



<p>Grâce à ses entraîneurs diplômés, ses installations de qualité et la passion de ses bénévoles, le club s&rsquo;efforce de former les champions de demain tout en offrant un environnement convivial et stimulant pour tous, quel que soit leur niveau.</p>
</div>
</div>

<p>Une histoire de passion et de dévouement Le club de Lanester Gymnastique est né dans les années 1900 en tant que section du Foyer Laïque de Lanester. Durant cette période, la gymnastique était en pleine expansion, et l&rsquo;association a rapidement su trouver sa place en offrant un cadre structuré pour les jeunes et les adultes [&hellip;]</p>

<!-- This site is optimized with the Yoast SEO plugin v27.2 - https://yoast.com/product/yoast-seo-wordpress/ -->
<title>A propos - Lanester Gym</title>
<meta name="robots" content="index, follow, max-snippet:-1, max-image-preview:large, max-video-preview:-1" />
<link rel="canonical" href="https://www.lanestergym.fr/index.php/about/" />
<meta property="og:locale" content="fr_FR" />
<meta property="og:type" content="article" />
<meta property="og:title" content="A propos - Lanester Gym" />
<meta property="og:description" content="Une histoire de passion et de dévouement Le club de Lanester Gymnastique est né dans les années 1900 en tant que section du Foyer Laïque de Lanester. Durant cette période, la gymnastique était en pleine expansion, et l&rsquo;association a rapidement su trouver sa place en offrant un cadre structuré pour les jeunes et les adultes [&hellip;]" />
<meta property="og:url" content="https://www.lanestergym.fr/index.php/about/" />
<meta property="og:site_name" content="Lanester Gym" />
<meta property="article:publisher" content="https://www.facebook.com/gym.lanester.14" />
<meta property="article:modified_time" content="2025-08-28T14:39:11+00:00" />
<meta name="twitter:card" content="summary_large_image" />
<script type="application/ld+json" class="yoast-schema-graph">{"@context":"https://schema.org","@graph":[{"@type":"WebPage","@id":"https://www.lanestergym.fr/index.php/about/","url":"https://www.lanestergym.fr/index.php/about/","name":"A propos - Lanester Gym","isPartOf":{"@id":"https://www.lanestergym.fr/#website"},"datePublished":"2025-08-21T07:54:51+00:00","dateModified":"2025-08-28T14:39:11+00:00","breadcrumb":{"@id":"https://www.lanestergym.fr/index.php/about/#breadcrumb"},"inLanguage":"fr-FR","potentialAction":[{"@type":"ReadAction","target":["https://www.lanestergym.fr/index.php/about/"]}]},{"@type":"BreadcrumbList","@id":"https://www.lanestergym.fr/index.php/about/#breadcrumb","itemListElement":[{"@type":"ListItem","position":1,"name":"Accueil","item":"https://www.lanestergym.fr/"},{"@type":"ListItem","position":2,"name":"A propos"}]},{"@type":"WebSite","@id":"https://www.lanestergym.fr/#website","url":"https://www.lanestergym.fr/","name":"Lanester Gym","description":"Le club de gymnastique du pays Lorientais","publisher":{"@id":"https://www.lanestergym.fr/#organization"},"potentialAction":[{"@type":"SearchAction","target":{"@type":"EntryPoint","urlTemplate":"https://www.lanestergym.fr/?s={search_term_string}"},"query-input":{"@type":"PropertyValueSpecification","valueRequired":true,"valueName":"search_term_string"}}],"inLanguage":"fr-FR"},{"@type":"Organization","@id":"https://www.lanestergym.fr/#organization","name":"Lanester Gym","url":"https://www.lanestergym.fr/","logo":{"@type":"ImageObject","inLanguage":"fr-FR","@id":"https://www.lanestergym.fr/#/schema/logo/image/","url":"https://www.lanestergym.fr/wp-content/uploads/2025/08/logo.png","contentUrl":"https://www.lanestergym.fr/wp-content/uploads/2025/08/logo.png","width":462,"height":333,"caption":"Lanester Gym"},"image":{"@id":"https://www.lanestergym.fr/#/schema/logo/image/"},"sameAs":["https://www.facebook.com/gym.lanester.14","https://www.instagram.com/lanestergym/"]}]}</script>
<!-- / Yoast SEO plugin. -->

Une histoire de passion et de dévouement Le club de Lanester Gymnastique est né dans les années 1900 en tant que section du Foyer Laïque de Lanester. Durant cette période, la gymnastique était en pleine expansion, et l&rsquo;association a rapidement su trouver sa place en offrant un cadre structuré pour les jeunes et les adultes [&hellip;]

Une histoire de passion et de dévouement Le club de Lanester Gymnastique est né dans les années 1900 en tant que section du Foyer Laïque de Lanester. Durant cette période, la gymnastique était en pleine expansion, et l&rsquo;association a rapidement su trouver sa place en offrant un cadre structuré pour les jeunes et les adultes…
